{"id":129,"date":"2020-12-25T16:52:13","date_gmt":"2020-12-25T15:52:13","guid":{"rendered":"https:\/\/veilleursduclimat.ovh\/?page_id=129"},"modified":"2024-11-10T18:23:46","modified_gmt":"2024-11-10T17:23:46","slug":"accueil","status":"publish","type":"page","link":"https:\/\/veilleursduclimat.ovh\/","title":{"rendered":"Accueil"},"content":{"rendered":"\n<p>Ce site a pour but de vous pr\u00e9senter les investigations men\u00e9es sur les glaciers de Haute Maurienne (Savoie, France) et les r\u00e9sultats obtenus depuis 2002 sur ce site. Ces observations sont le prolongement d&#8217;une th\u00e8se, mais les mesures se sont poursuivies et continuent d&#8217;\u00e9voluer depuis plus de 15ans.  <\/p>\n\n\n\n<p>Contrairement \u00e0 d&#8217;autres syst\u00e8mes naturels sensibles au climat (cernes des arbres, s\u00e9diments lacustres, concr\u00e9tions dans des grottes, &#8230;), les observations sur les glaciers sont \u00e9ph\u00e9m\u00e8res et <strong>toute mesure qui n&#8217;est pas enregistr\u00e9e est perdue<\/strong>! C&#8217;est donc la motivation principale : <strong>observer pour comprendre et pour transmettre au g\u00e9n\u00e9rations suivantes<\/strong>.  <\/p>\n\n\n\n<p>Les glaciers sont particuli\u00e8rement sensibles aux variations climatiques en raison de leurs conditions d&#8217;apparition : ils se forment par accumulation de la neige qui n&#8217;a pas fondu au cours de l&#8217;\u00e9t\u00e9. Dans les Alpes, ce ph\u00e9nom\u00e8ne se produit dans la tranche d&#8217;altitude g\u00e9n\u00e9ralement sup\u00e9rieure \u00e0 3000m et cette zone tend \u00e0 se r\u00e9tr\u00e9cir de plus en plus avec le changement climatique. Le glacier r\u00e9agit donc \u00e0 la fois \u00e0 la quantit\u00e9 de neige tomb\u00e9e pendant l&#8217;hiver, mais aussi aux conditions estivales. Il agit donc comme un <strong>&#8220;int\u00e9grateur&#8221; du climat annuel local<\/strong>, lui-m\u00eame li\u00e9 aux variations climatiques globales. Suivre et \u00e9tudier les glacier, c&#8217;est donc un moyen de suivre un<strong> \u00e9chantillon du climat<\/strong> et du changement climatique en cours. <\/p>\n\n\n\n<div class=\"wp-block-image is-style-default\"><figure class=\"aligncenter size-large\"><img loading=\"lazy\" decoding=\"async\" width=\"1024\" height=\"681\" src=\"https:\/\/veilleursduclimat.ovh\/wp-content\/uploads\/2021\/01\/zone-accumulation-baounet-2018-1024x681.jpg\" alt=\"photo de la zone d'accumulation du glacier du Baounet en 2018\" class=\"wp-image-231\" srcset=\"https:\/\/veilleursduclimat.ovh\/wp-content\/uploads\/2021\/01\/zone-accumulation-baounet-2018-1024x681.jpg 1024w, https:\/\/veilleursduclimat.ovh\/wp-content\/uploads\/2021\/01\/zone-accumulation-baounet-2018-300x199.jpg 300w, https:\/\/veilleursduclimat.ovh\/wp-content\/uploads\/2021\/01\/zone-accumulation-baounet-2018-768x511.jpg 768w, https:\/\/veilleursduclimat.ovh\/wp-content\/uploads\/2021\/01\/zone-accumulation-baounet-2018-1536x1021.jpg 1536w, https:\/\/veilleursduclimat.ovh\/wp-content\/uploads\/2021\/01\/zone-accumulation-baounet-2018-200x133.jpg 200w, https:\/\/veilleursduclimat.ovh\/wp-content\/uploads\/2021\/01\/zone-accumulation-baounet-2018.jpg 1734w\" sizes=\"auto, (max-width: 1024px) 100vw, 1024px\" \/><figcaption>N\u00e9v\u00e9 r\u00e9siduel dans la zone d&#8217;accumulation du glacier du Baounet en septembre 2018<\/figcaption><\/figure><\/div>\n\n\n\n<p>Pour \u00e9tudier les glaciers, il existe de nombreuses m\u00e9thodes, depuis le suivi du front avec un rep\u00e8re fixe et un d\u00e9cam\u00e8tre, jusqu&#8217;\u00e0 la station de mesure m\u00e9t\u00e9o automatique, en passant par les mesures de fusion de la glace autour de jalons (balises d&#8217;ablation).  <\/p>\n\n\n\n<p>Vous pourrez d\u00e9couvrir des exemples de suivis glaciologiques et m\u00e9t\u00e9orologique au fil des pages de ce site. <\/p>\n\n\n\n<p><\/p>\n","protected":false},"excerpt":{"rendered":"<p>Ce site a pour but de vous pr\u00e9senter les investigations men\u00e9es sur les glaciers de Haute Maurienne (Savoie, France) et les r\u00e9sultats obtenus depuis 2002 sur ce site. Ces observations sont le prolongement d&#8217;une th\u00e8se, mais les mesures se sont poursuivies et continuent d&#8217;\u00e9voluer depuis plus de 15ans. Contrairement \u00e0 d&#8217;autres syst\u00e8mes naturels sensibles au [&hellip;]<\/p>\n","protected":false},"author":2,"featured_media":0,"parent":0,"menu_order":0,"comment_status":"closed","ping_status":"closed","template":"","meta":{"footnotes":""},"class_list":["post-129","page","type-page","status-publish","hentry"],"_links":{"self":[{"href":"https:\/\/veilleursduclimat.ovh\/index.php\/wp-json\/wp\/v2\/pages\/129","targetHints":{"allow":["GET"]}}],"collection":[{"href":"https:\/\/veilleursduclimat.ovh\/index.php\/wp-json\/wp\/v2\/pages"}],"about":[{"href":"https:\/\/veilleursduclimat.ovh\/index.php\/wp-json\/wp\/v2\/types\/page"}],"author":[{"embeddable":true,"href":"https:\/\/veilleursduclimat.ovh\/index.php\/wp-json\/wp\/v2\/users\/2"}],"replies":[{"embeddable":true,"href":"https:\/\/veilleursduclimat.ovh\/index.php\/wp-json\/wp\/v2\/comments?post=129"}],"version-history":[{"count":15,"href":"https:\/\/veilleursduclimat.ovh\/index.php\/wp-json\/wp\/v2\/pages\/129\/revisions"}],"predecessor-version":[{"id":408,"href":"https:\/\/veilleursduclimat.ovh\/index.php\/wp-json\/wp\/v2\/pages\/129\/revisions\/408"}],"wp:attachment":[{"href":"https:\/\/veilleursduclimat.ovh\/index.php\/wp-json\/wp\/v2\/media?parent=129"}],"curies":[{"name":"wp","href":"https:\/\/api.w.org\/{rel}","templated":true}]}}