{"id":200,"date":"2021-01-02T20:26:57","date_gmt":"2021-01-02T19:26:57","guid":{"rendered":"https:\/\/veilleursduclimat.ovh\/?page_id=200"},"modified":"2022-03-24T16:09:50","modified_gmt":"2022-03-24T15:09:50","slug":"les-stations-meteo-connectees","status":"publish","type":"page","link":"https:\/\/veilleursduclimat.ovh\/index.php\/les-stations-meteo-connectees\/","title":{"rendered":"Les stations m\u00e9t\u00e9o connect\u00e9es"},"content":{"rendered":"\n<p class=\"has-black-color has-text-color has-normal-font-size\">Ce sont des stations grand public connect\u00e9es sur Internet par l&#8217;interm\u00e9diaire d&#8217;un petit serveur capable de collecter les donn\u00e9es enregistr\u00e9es et de g\u00e9n\u00e9rer une page de r\u00e9sultats avec des graphiques et tableaux d&#8217;analyse. <\/p>\n\n\n\n<p>Concr\u00e8tement, la base est une station avec un port USB, mod\u00e8le WH1080 ou WS1080, largement r\u00e9pandue chez les observateurs amateur. La station est connect\u00e9e \u00e0 une carte Raspberry Pi embarquant une distribution linux (Debian) et une programme de collecte et d&#8217;analyse (Weewx).  Les r\u00e9sultats sont ensuite t\u00e9l\u00e9charg\u00e9s automatiquement vers le serveur h\u00e9bergeant ce site web. <\/p>\n\n\n\n<p>Deux exemples de stations connect\u00e9es : <\/p>\n\n\n\n<div class=\"wp-block-columns is-layout-flex wp-container-core-columns-is-layout-1 wp-block-columns-is-layout-flex\">\n<div class=\"wp-block-column is-layout-flow wp-block-column-is-layout-flow\" style=\"flex-basis:100%\">\n<div class=\"wp-block-buttons is-layout-flex wp-block-buttons-is-layout-flex\">\n<div class=\"wp-block-button\"><a class=\"wp-block-button__link has-black-color has-luminous-dusk-gradient-background has-text-color has-background\" href=\"https:\/\/veilleursduclimat.ovh\/meteo\/saint-andre\/index.html\" target=\"_blank\" rel=\"noreferrer noopener\"> St Andr\u00e9 (Maurienne, Savoie) &#8211; Altitude : 1100m<\/a><\/div>\n<\/div>\n<\/div>\n<\/div>\n\n\n\n<div class=\"wp-block-buttons is-layout-flex wp-block-buttons-is-layout-flex\">\n<div class=\"wp-block-button\"><a class=\"wp-block-button__link has-black-color has-luminous-dusk-gradient-background has-text-color has-background\" href=\"https:\/\/veilleursduclimat.ovh\/meteo\/chelieu\/index.html\" target=\"_blank\" rel=\"noreferrer noopener\">Ch\u00e9lieu (Nord-Is\u00e8re) &#8211; Altitude : 500m <\/a><\/div>\n<\/div>\n\n\n\n<p>Cliq<em>uez sur le bouton pour acc\u00e9der \u00e0 la page de r\u00e9sultat. <\/em><\/p>\n","protected":false},"excerpt":{"rendered":"<p>Ce sont des stations grand public connect\u00e9es sur Internet par l&#8217;interm\u00e9diaire d&#8217;un petit serveur capable de collecter les donn\u00e9es enregistr\u00e9es et de g\u00e9n\u00e9rer une page de r\u00e9sultats avec des graphiques et tableaux d&#8217;analyse. Concr\u00e8tement, la base est une station avec un port USB, mod\u00e8le WH1080 ou WS1080, largement r\u00e9pandue chez les observateurs amateur. La station [&hellip;]<\/p>\n","protected":false},"author":2,"featured_media":0,"parent":0,"menu_order":0,"comment_status":"closed","ping_status":"closed","template":"","meta":{"footnotes":""},"class_list":["post-200","page","type-page","status-publish","hentry"],"_links":{"self":[{"href":"https:\/\/veilleursduclimat.ovh\/index.php\/wp-json\/wp\/v2\/pages\/200","targetHints":{"allow":["GET"]}}],"collection":[{"href":"https:\/\/veilleursduclimat.ovh\/index.php\/wp-json\/wp\/v2\/pages"}],"about":[{"href":"https:\/\/veilleursduclimat.ovh\/index.php\/wp-json\/wp\/v2\/types\/page"}],"author":[{"embeddable":true,"href":"https:\/\/veilleursduclimat.ovh\/index.php\/wp-json\/wp\/v2\/users\/2"}],"replies":[{"embeddable":true,"href":"https:\/\/veilleursduclimat.ovh\/index.php\/wp-json\/wp\/v2\/comments?post=200"}],"version-history":[{"count":9,"href":"https:\/\/veilleursduclimat.ovh\/index.php\/wp-json\/wp\/v2\/pages\/200\/revisions"}],"predecessor-version":[{"id":345,"href":"https:\/\/veilleursduclimat.ovh\/index.php\/wp-json\/wp\/v2\/pages\/200\/revisions\/345"}],"wp:attachment":[{"href":"https:\/\/veilleursduclimat.ovh\/index.php\/wp-json\/wp\/v2\/media?parent=200"}],"curies":[{"name":"wp","href":"https:\/\/api.w.org\/{rel}","templated":true}]}}