{"id":314,"date":"2022-01-08T21:50:29","date_gmt":"2022-01-08T20:50:29","guid":{"rendered":"https:\/\/veilleursduclimat.ovh\/?page_id=314"},"modified":"2023-09-21T21:52:33","modified_gmt":"2023-09-21T19:52:33","slug":"la-station-meteo-de-chelieu-isere","status":"publish","type":"page","link":"https:\/\/veilleursduclimat.ovh\/index.php\/les-stations-meteo-connectees\/la-station-meteo-de-chelieu-isere\/","title":{"rendered":"La station m\u00e9t\u00e9o de Ch\u00e9lieu (Is\u00e8re)"},"content":{"rendered":"\n<div class=\"wp-block-buttons is-layout-flex wp-block-buttons-is-layout-flex\">\n<div class=\"wp-block-button\"><a class=\"wp-block-button__link has-luminous-dusk-gradient-background has-background\" href=\"https:\/\/veilleursduclimat.ovh\/meteo\/chelieu\/index.html\" target=\"_blank\" rel=\"noreferrer noopener\"><strong>Acc\u00e8s aux donn\u00e9es<\/strong><\/a><\/div>\n<\/div>\n\n\n\n<h2 class=\"wp-block-heading\">Localisation<\/h2>\n\n\n\n<p>La station se situe \u00e0 Ch\u00e9lieu (38730)dans le d\u00e9partement de l&#8217;Is\u00e8re, r\u00e9gion Auvergne-Rh\u00f4ne-Alpes.<br>Longitude: 005\u00b0 28.50&#8242; E<br>Latitude: 45\u00b0 30.60&#8242; N<br>Altitude: 500 m\u00e8tres<\/p>\n\n\n\n<h2 class=\"wp-block-heading\">Mat\u00e9riel<\/h2>\n\n\n\n<p>La station est implant\u00e9e sur le versant adret (exposition sud) de la vall\u00e9e de la Bourbre. <\/p>\n\n\n\n<p>C\u2019est une station m\u00e9t\u00e9o WS1080, datant de 2016 enregistrant les donn\u00e9es toutes les 10min.<\/p>\n\n\n\n<p>Elle est coupl\u00e9e \u00e0 une carte Raspberry Pi depuis le 01\/01\/2022 pour le transfert des donn\u00e9es sur le web.<\/p>\n\n\n\n<p><\/p>\n\n\n\n<h2 class=\"wp-block-heading\">Installation<\/h2>\n\n\n\n<p><\/p>\n\n\n\n<div class=\"wp-block-media-text alignwide is-stacked-on-mobile\" style=\"grid-template-columns:27% auto\"><figure class=\"wp-block-media-text__media\"><img loading=\"lazy\" decoding=\"async\" width=\"300\" height=\"284\" src=\"https:\/\/veilleursduclimat.ovh\/wp-content\/uploads\/2021\/01\/cone-chantier-signalisation-small-1-2-300x284.jpg\" alt=\"\" class=\"wp-image-229 size-medium\" srcset=\"https:\/\/veilleursduclimat.ovh\/wp-content\/uploads\/2021\/01\/cone-chantier-signalisation-small-1-2-300x284.jpg 300w, https:\/\/veilleursduclimat.ovh\/wp-content\/uploads\/2021\/01\/cone-chantier-signalisation-small-1-2-200x189.jpg 200w, https:\/\/veilleursduclimat.ovh\/wp-content\/uploads\/2021\/01\/cone-chantier-signalisation-small-1-2.jpg 640w\" sizes=\"auto, (max-width: 300px) 100vw, 300px\" \/><\/figure><div class=\"wp-block-media-text__content\">\n<p class=\"has-vivid-cyan-blue-color has-text-color has-large-font-size\">A venir&#8230;<\/p>\n<\/div><\/div>\n","protected":false},"excerpt":{"rendered":"<p>Localisation La station se situe \u00e0 Ch\u00e9lieu (38730)dans le d\u00e9partement de l&#8217;Is\u00e8re, r\u00e9gion Auvergne-Rh\u00f4ne-Alpes.Longitude: 005\u00b0 28.50&#8242; ELatitude: 45\u00b0 30.60&#8242; NAltitude: 500 m\u00e8tres Mat\u00e9riel La station est implant\u00e9e sur le versant adret (exposition sud) de la vall\u00e9e de la Bourbre. C\u2019est une station m\u00e9t\u00e9o WS1080, datant de 2016 enregistrant les donn\u00e9es toutes les 10min. Elle est [&hellip;]<\/p>\n","protected":false},"author":2,"featured_media":0,"parent":200,"menu_order":1,"comment_status":"closed","ping_status":"closed","template":"","meta":{"footnotes":""},"class_list":["post-314","page","type-page","status-publish","hentry"],"_links":{"self":[{"href":"https:\/\/veilleursduclimat.ovh\/index.php\/wp-json\/wp\/v2\/pages\/314","targetHints":{"allow":["GET"]}}],"collection":[{"href":"https:\/\/veilleursduclimat.ovh\/index.php\/wp-json\/wp\/v2\/pages"}],"about":[{"href":"https:\/\/veilleursduclimat.ovh\/index.php\/wp-json\/wp\/v2\/types\/page"}],"author":[{"embeddable":true,"href":"https:\/\/veilleursduclimat.ovh\/index.php\/wp-json\/wp\/v2\/users\/2"}],"replies":[{"embeddable":true,"href":"https:\/\/veilleursduclimat.ovh\/index.php\/wp-json\/wp\/v2\/comments?post=314"}],"version-history":[{"count":4,"href":"https:\/\/veilleursduclimat.ovh\/index.php\/wp-json\/wp\/v2\/pages\/314\/revisions"}],"predecessor-version":[{"id":365,"href":"https:\/\/veilleursduclimat.ovh\/index.php\/wp-json\/wp\/v2\/pages\/314\/revisions\/365"}],"up":[{"embeddable":true,"href":"https:\/\/veilleursduclimat.ovh\/index.php\/wp-json\/wp\/v2\/pages\/200"}],"wp:attachment":[{"href":"https:\/\/veilleursduclimat.ovh\/index.php\/wp-json\/wp\/v2\/media?parent=314"}],"curies":[{"name":"wp","href":"https:\/\/api.w.org\/{rel}","templated":true}]}}