{"id":32,"date":"2019-12-03T22:35:37","date_gmt":"2019-12-03T21:35:37","guid":{"rendered":"https:\/\/veilleursduclimat.000webhostapp.com\/?page_id=32"},"modified":"2024-11-10T18:31:05","modified_gmt":"2024-11-10T17:31:05","slug":"photogrammetrie","status":"publish","type":"page","link":"https:\/\/veilleursduclimat.ovh\/index.php\/les-outils\/photogrammetrie\/","title":{"rendered":"Photogramm\u00e9trie"},"content":{"rendered":"\n<p>Le principe de la photogramm\u00e9trie appliqu\u00e9e \u00e0 des relev\u00e9s topographiques  est de prendre une s\u00e9rie de photos avec un fort recouvrement et d&#8217;appliquer un traitement informatique pour restituer un relief en 3D. Tr\u00e8s sch\u00e9matiquement, l&#8217;ordinateur interpr\u00e8te deux images qui se recouvrent pour calculer le relief, un peu \u00e0 la mani\u00e8re de nos deux yeux qui permettent d&#8217;appr\u00e9cier la profondeur de notre espace. Cette m\u00e9thode est appliqu\u00e9e \u00e0 des milliers de photos enregistr\u00e9es par un drone qui suit une trajectoire automatique. <\/p>\n\n\n\n<div class=\"wp-block-image\"><figure class=\"aligncenter size-large\"><img loading=\"lazy\" decoding=\"async\" width=\"1024\" height=\"681\" src=\"https:\/\/veilleursduclimat.ovh\/wp-content\/uploads\/2020\/12\/drone-phantom3SE-1024x681.jpg\" alt=\"Photo d'un drone multicopt\u00e8re grand public utilis\u00e9 pour les tests (DJI Phantom 3 SE)\" class=\"wp-image-137\" srcset=\"https:\/\/veilleursduclimat.ovh\/wp-content\/uploads\/2020\/12\/drone-phantom3SE-1024x681.jpg 1024w, https:\/\/veilleursduclimat.ovh\/wp-content\/uploads\/2020\/12\/drone-phantom3SE-300x199.jpg 300w, https:\/\/veilleursduclimat.ovh\/wp-content\/uploads\/2020\/12\/drone-phantom3SE-768x511.jpg 768w, https:\/\/veilleursduclimat.ovh\/wp-content\/uploads\/2020\/12\/drone-phantom3SE-1536x1021.jpg 1536w, https:\/\/veilleursduclimat.ovh\/wp-content\/uploads\/2020\/12\/drone-phantom3SE-2048x1362.jpg 2048w, https:\/\/veilleursduclimat.ovh\/wp-content\/uploads\/2020\/12\/drone-phantom3SE-200x133.jpg 200w\" sizes=\"auto, (max-width: 1024px) 100vw, 1024px\" \/><figcaption>Le drone multicopt\u00e8re grand public utilis\u00e9 pour les tests (DJI Phantom 3 SE)<\/figcaption><\/figure><\/div>\n\n\n\n<p>Les vols sont r\u00e9alis\u00e9s avec un drone enregistr\u00e9 aupr\u00e8s de la DGAC et respectent la r\u00e9glementation en vigueur pour la pratique de a\u00e9romod\u00e9lisme (notamment le vol \u00e0 vue avec reprise \u00e0 tout instant des commandes, t\u00e9l\u00e9pilote form\u00e9, altitude sol inf\u00e9rieure \u00e0 120m, absence de personnes ou animaux sous le drone, &#8230;).   <\/p>\n\n\n\n<p>Des tests pr\u00e9liminaires de relev\u00e9s photogramm\u00e9triques ont \u00e9t\u00e9 r\u00e9alis\u00e9s   entre 2017 et 2019 avec un drone grand public \u00e0 voilures tournantes.  Les  premiers r\u00e9sultats sont encourageants et ouvrent des champs de  recherche  novateurs pour le suivi des glaciers. Cette m\u00e9thode va  devenir l&#8217;un des  axes majeur du suivi du glacier du Baounet pour la  prochaine d\u00e9cennie avec des r\u00e9solutions d&#8217;image in\u00e9dites (quelques  cm\/pixel).  <\/p>\n\n\n\n<figure class=\"wp-block-image size-large\"><img loading=\"lazy\" decoding=\"async\" width=\"1024\" height=\"768\" src=\"https:\/\/veilleursduclimat.ovh\/wp-content\/uploads\/2020\/12\/photo-brute-front-glacier-baounet-2018-1024x768.jpg\" alt=\"Exemple de photo brute du front du glacier en 2018.\" class=\"wp-image-139\" srcset=\"https:\/\/veilleursduclimat.ovh\/wp-content\/uploads\/2020\/12\/photo-brute-front-glacier-baounet-2018-1024x768.jpg 1024w, https:\/\/veilleursduclimat.ovh\/wp-content\/uploads\/2020\/12\/photo-brute-front-glacier-baounet-2018-300x225.jpg 300w, https:\/\/veilleursduclimat.ovh\/wp-content\/uploads\/2020\/12\/photo-brute-front-glacier-baounet-2018-768x576.jpg 768w, https:\/\/veilleursduclimat.ovh\/wp-content\/uploads\/2020\/12\/photo-brute-front-glacier-baounet-2018-1536x1152.jpg 1536w, https:\/\/veilleursduclimat.ovh\/wp-content\/uploads\/2020\/12\/photo-brute-front-glacier-baounet-2018-200x150.jpg 200w, https:\/\/veilleursduclimat.ovh\/wp-content\/uploads\/2020\/12\/photo-brute-front-glacier-baounet-2018.jpg 2000w\" sizes=\"auto, (max-width: 1024px) 100vw, 1024px\" \/><figcaption>Exemple de photo brute du front du glacier en 2018.<\/figcaption><\/figure>\n\n\n\n<p>Apr\u00e8s un long traitement photogramm\u00e9trique, l&#8217;un des r\u00e9sultats est une visualisation 3D interactive qui permet d&#8217;explorer virtuellement la surface du glacier. <\/p>\n\n\n\n<p><\/p>\n\n\n\n<figure class=\"wp-block-image size-large\"><img loading=\"lazy\" decoding=\"async\" width=\"786\" height=\"430\" src=\"https:\/\/veilleursduclimat.ovh\/wp-content\/uploads\/2020\/12\/vue-3D-baounet.jpg\" alt=\"Aper\u00e7u 3D des mesures de septembre 2019\" class=\"wp-image-140\" srcset=\"https:\/\/veilleursduclimat.ovh\/wp-content\/uploads\/2020\/12\/vue-3D-baounet.jpg 786w, https:\/\/veilleursduclimat.ovh\/wp-content\/uploads\/2020\/12\/vue-3D-baounet-300x164.jpg 300w, https:\/\/veilleursduclimat.ovh\/wp-content\/uploads\/2020\/12\/vue-3D-baounet-768x420.jpg 768w, https:\/\/veilleursduclimat.ovh\/wp-content\/uploads\/2020\/12\/vue-3D-baounet-200x109.jpg 200w\" sizes=\"auto, (max-width: 786px) 100vw, 786px\" \/><figcaption>Aper\u00e7u 3D des mesures de septembre 2019<\/figcaption><\/figure>\n\n\n\n<p><a href=\"https:\/\/skfb.ly\/6NpFv\">https:\/\/skfb.ly\/6NpFv<\/a><\/p>\n\n\n\n<p>A terme, l&#8217;objectif est de quantifier les variations de volume de glace et de les corr\u00e9ler avec les mesures hydrologiques r\u00e9alis\u00e9s par la station de mesure. <\/p>\n\n\n\n<p><\/p>\n","protected":false},"excerpt":{"rendered":"<p>Le principe de la photogramm\u00e9trie appliqu\u00e9e \u00e0 des relev\u00e9s topographiques est de prendre une s\u00e9rie de photos avec un fort recouvrement et d&#8217;appliquer un traitement informatique pour restituer un relief en 3D. Tr\u00e8s sch\u00e9matiquement, l&#8217;ordinateur interpr\u00e8te deux images qui se recouvrent pour calculer le relief, un peu \u00e0 la mani\u00e8re de nos deux yeux qui [&hellip;]<\/p>\n","protected":false},"author":2,"featured_media":0,"parent":172,"menu_order":1,"comment_status":"closed","ping_status":"closed","template":"","meta":{"footnotes":""},"class_list":["post-32","page","type-page","status-publish","hentry"],"_links":{"self":[{"href":"https:\/\/veilleursduclimat.ovh\/index.php\/wp-json\/wp\/v2\/pages\/32","targetHints":{"allow":["GET"]}}],"collection":[{"href":"https:\/\/veilleursduclimat.ovh\/index.php\/wp-json\/wp\/v2\/pages"}],"about":[{"href":"https:\/\/veilleursduclimat.ovh\/index.php\/wp-json\/wp\/v2\/types\/page"}],"author":[{"embeddable":true,"href":"https:\/\/veilleursduclimat.ovh\/index.php\/wp-json\/wp\/v2\/users\/2"}],"replies":[{"embeddable":true,"href":"https:\/\/veilleursduclimat.ovh\/index.php\/wp-json\/wp\/v2\/comments?post=32"}],"version-history":[{"count":3,"href":"https:\/\/veilleursduclimat.ovh\/index.php\/wp-json\/wp\/v2\/pages\/32\/revisions"}],"predecessor-version":[{"id":409,"href":"https:\/\/veilleursduclimat.ovh\/index.php\/wp-json\/wp\/v2\/pages\/32\/revisions\/409"}],"up":[{"embeddable":true,"href":"https:\/\/veilleursduclimat.ovh\/index.php\/wp-json\/wp\/v2\/pages\/172"}],"wp:attachment":[{"href":"https:\/\/veilleursduclimat.ovh\/index.php\/wp-json\/wp\/v2\/media?parent=32"}],"curies":[{"name":"wp","href":"https:\/\/api.w.org\/{rel}","templated":true}]}}